{"id":14869,"date":"2014-05-20T07:51:11","date_gmt":"2014-05-20T07:51:11","guid":{"rendered":"http:\/\/demo.qodeinteractive.com\/bridge52\/?page_id=14869"},"modified":"2024-01-29T11:23:19","modified_gmt":"2024-01-29T11:23:19","slug":"home-7-2","status":"publish","type":"page","link":"https:\/\/www.bluebell.at\/","title":{"rendered":"Home"},"content":{"rendered":"<div class=\"wpb-content-wrapper\"><p>[vc_row row_type=&#8220;parallax&#8220; parallax_content_width=&#8220;in_grid&#8220; text_align=&#8220;left&#8220; background_image=&#8220;15321&#8243; full_screen_section_height=&#8220;no&#8220; section_height=&#8220;486&#8243;][vc_column width=&#8220;2\/3&#8243;][vc_empty_space][vc_column_text]<\/p>\n<h6 style=\"text-align: left;\">Wenn Du Deinen Weg gehst,<\/h6>\n<h6 style=\"text-align: left;\">wachsen Dir Fl\u00fcgel<\/h6>\n<p>[\/vc_column_text][vc_empty_space height=&#8220;22px&#8220;][vc_column_text]<\/p>\n<h4>Sei herzlich Willkommen<\/h4>\n<p>&nbsp;<\/p>\n<blockquote><p>&#8230;meine Homepage wird demn\u00e4chst umgebaut. Also schau gerne sp\u00e4ter wieder vorbei.<\/p><\/blockquote>\n<p>&nbsp;<\/p>\n<h5>auf einem Streifzug durch die bluebell Seiten.<\/h5>\n<h5>Du kannst&#8230;<\/h5>\n<p>&nbsp;<\/p>\n<h5><img loading=\"lazy\" decoding=\"async\" class=\"alignnone size-full wp-image-15812\" src=\"http:\/\/www.bluebell.at\/wp-content\/uploads\/2018\/10\/bluebell_xs_3.png\" alt=\"\" width=\"15\" height=\"15\" \/> Dir beim Bl\u00fctenorakel eine Buschbl\u00fcte &#8222;pfl\u00fccken&#8220;<\/h5>\n<h5><img loading=\"lazy\" decoding=\"async\" class=\"alignnone size-full wp-image-15812\" src=\"http:\/\/www.bluebell.at\/wp-content\/uploads\/2018\/10\/bluebell_xs_3.png\" alt=\"\" width=\"15\" height=\"15\" \/> den \u201eRauchzeichen\u201c folgen<\/h5>\n<h5><img loading=\"lazy\" decoding=\"async\" class=\"alignnone size-full wp-image-15812\" src=\"http:\/\/www.bluebell.at\/wp-content\/uploads\/2018\/10\/bluebell_xs_3.png\" alt=\"\" width=\"15\" height=\"15\" \/> mit leichtem Schritt Neues erkunden und Spa\u00df bei den Workshops haben,<\/h5>\n<h5><img loading=\"lazy\" decoding=\"async\" class=\"alignnone size-full wp-image-15812\" src=\"http:\/\/www.bluebell.at\/wp-content\/uploads\/2018\/10\/bluebell_xs_3.png\" alt=\"\" width=\"15\" height=\"15\" \/> Deinen Herzensweg mit Theta Healing beschreiten,<\/h5>\n<p>&nbsp;<\/p>\n<h5>\u2026und mit einem L\u00e4cheln BEI DIR SELBST ankommen.<\/h5>\n<p>[\/vc_column_text][vc_separator type=&#8220;transparent&#8220; up=&#8220;90&#8243; down=&#8220;0&#8243;][vc_empty_space height=&#8220;64px&#8220;][\/vc_column][vc_column width=&#8220;1\/3&#8243;][vc_separator type=&#8220;transparent&#8220; up=&#8220;90&#8243; down=&#8220;0&#8243;][vc_empty_space][vc_single_image image=&#8220;16518&#8243; img_size=&#8220;medium&#8220; qode_css_animation=&#8220;&#8220;][vc_empty_space height=&#8220;125px&#8220;][\/vc_column][\/vc_row][vc_row css_animation=&#8220;&#8220; row_type=&#8220;row&#8220; use_row_as_full_screen_section=&#8220;no&#8220; type=&#8220;full_width&#8220; angled_section=&#8220;no&#8220; text_align=&#8220;left&#8220; background_image_as_pattern=&#8220;without_pattern&#8220;][vc_column][vc_empty_space][vc_single_image image=&#8220;16299&#8243; img_size=&#8220;80&#215;80&#8243; alignment=&#8220;center&#8220; qode_css_animation=&#8220;element_from_bottom&#8220;][vc_empty_space][\/vc_column][\/vc_row]<\/p>\n<\/div>","protected":false},"excerpt":{"rendered":"<p>[vc_row row_type=&#8220;parallax&#8220; parallax_content_width=&#8220;in_grid&#8220; text_align=&#8220;left&#8220; background_image=&#8220;15321&#8243; full_screen_section_height=&#8220;no&#8220; section_height=&#8220;486&#8243;][vc_column width=&#8220;2\/3&#8243;][vc_empty_space][vc_column_text] Wenn Du Deinen Weg gehst, wachsen Dir Fl\u00fcgel [\/vc_column_text][vc_empty_space height=&#8220;22px&#8220;][vc_column_text] Sei herzlich Willkommen &nbsp; &#8230;meine Homepage wird demn\u00e4chst umgebaut. Also schau gerne sp\u00e4ter wieder vorbei. &nbsp; auf einem Streifzug durch die bluebell Seiten. Du kannst&#8230; &nbsp; Dir&#8230;<\/p>\n","protected":false},"author":1,"featured_media":0,"parent":0,"menu_order":0,"comment_status":"closed","ping_status":"closed","template":"full_width.php","meta":{"footnotes":""},"_links":{"self":[{"href":"https:\/\/www.bluebell.at\/index.php?rest_route=\/wp\/v2\/pages\/14869"}],"collection":[{"href":"https:\/\/www.bluebell.at\/index.php?rest_route=\/wp\/v2\/pages"}],"about":[{"href":"https:\/\/www.bluebell.at\/index.php?rest_route=\/wp\/v2\/types\/page"}],"author":[{"embeddable":true,"href":"https:\/\/www.bluebell.at\/index.php?rest_route=\/wp\/v2\/users\/1"}],"replies":[{"embeddable":true,"href":"https:\/\/www.bluebell.at\/index.php?rest_route=%2Fwp%2Fv2%2Fcomments&post=14869"}],"version-history":[{"count":139,"href":"https:\/\/www.bluebell.at\/index.php?rest_route=\/wp\/v2\/pages\/14869\/revisions"}],"predecessor-version":[{"id":17190,"href":"https:\/\/www.bluebell.at\/index.php?rest_route=\/wp\/v2\/pages\/14869\/revisions\/17190"}],"wp:attachment":[{"href":"https:\/\/www.bluebell.at\/index.php?rest_route=%2Fwp%2Fv2%2Fmedia&parent=14869"}],"curies":[{"name":"wp","href":"https:\/\/api.w.org\/{rel}","templated":true}]}}